{"id":10852,"date":"2020-11-30T09:15:01","date_gmt":"2020-11-30T09:15:01","guid":{"rendered":"https:\/\/rediceimplants.com\/?page_id=10852"},"modified":"2024-02-19T07:02:01","modified_gmt":"2024-02-19T07:02:01","slug":"redice-active-implant","status":"publish","type":"page","link":"https:\/\/toridentimplants.com\/index.php\/redice-active-implant\/","title":{"rendered":"Redice Active Implant"},"content":{"rendered":"[vc_section][vc_row][vc_column][vc_custom_heading text=&#8221;QUICK IMPLANT SIZE IDENTIFICATION&#8221; font_container=&#8221;tag:h2|text_align:center&#8221; use_theme_fonts=&#8221;yes&#8221;][vc_empty_space][vc_column_text]\n<table style=\"border-collapse: collapse; width: 100%; height: 200px;\">\n<tbody>\n<tr style=\"height: 32px;\">\n<td style=\"width: 16.6667%; background-color: #ffffff; height: 32px; text-align: center;\" colspan=\"6\"><span style=\"font-size: 12pt; color: #333333;\"><strong>REGULAR PALTFORM ( REDICE ACTIVE )<\/strong><\/span><\/td>\n<\/tr>\n<tr style=\"height: 24px;\">\n<td style=\"width: 16.6667%; text-align: center; height: 24px;\">Length\/Diameter<\/td>\n<td style=\"width: 16.6667%; height: 24px; background-color: #f7be68; text-align: center;\"><span style=\"color: #333333;\">\u00d8 3.3<\/span><\/td>\n<td style=\"width: 16.6667%; height: 24px; background-color: #f4524d; text-align: center;\"><span style=\"color: #333333;\">\u00d8 3.75<\/span><\/td>\n<td style=\"width: 16.6667%; height: 24px; background-color: #5472d2; text-align: center;\"><span style=\"color: #333333;\">\u00d8 4.20<\/span><\/td>\n<td style=\"width: 16.6667%; height: 24px; background-color: #6dab3c; text-align: center;\"><span style=\"color: #333333;\">\u00d8 5.0<\/span><\/td>\n<td style=\"width: 16.6667%; height: 24px; background-color: #50485b; text-align: center;\"><span style=\"color: #333333;\">\u00d8 6.0<\/span><\/td>\n<\/tr>\n<tr style=\"height: 24px;\">\n<td style=\"width: 16.6667%; height: 24px; text-align: center;\">6.0mm L<\/td>\n<td style=\"width: 16.6667%; height: 24px; background-color: #666666; text-align: center;\"><\/td>\n<td style=\"width: 16.6667%; height: 24px; background-color: #666666; text-align: center;\"><strong>RA37506<\/strong><\/td>\n<td style=\"width: 16.6667%; height: 24px; text-align: center;\"><strong>RA4206<\/strong><\/td>\n<td style=\"width: 16.6667%; height: 24px; text-align: center;\"><strong>RA5006<\/strong><\/td>\n<td style=\"width: 16.6667%; height: 24px; text-align: center;\"><strong>RA6006<\/strong><\/td>\n<\/tr>\n<tr style=\"height: 24px;\">\n<td style=\"width: 16.6667%; height: 24px; text-align: center;\">8.0mm L<\/td>\n<td style=\"width: 16.6667%; height: 24px; text-align: center;\"><strong>RA3308<\/strong><\/td>\n<td style=\"width: 16.6667%; height: 24px; text-align: center;\"><strong>RA37508<\/strong><\/td>\n<td style=\"width: 16.6667%; height: 24px; text-align: center;\"><strong>RA4208<\/strong><\/td>\n<td style=\"width: 16.6667%; height: 24px; text-align: center;\"><strong>RA5008<\/strong><\/td>\n<td style=\"width: 16.6667%; height: 24px; text-align: center;\"><strong>RA6008<\/strong><\/td>\n<\/tr>\n<tr style=\"height: 24px;\">\n<td style=\"width: 16.6667%; height: 24px; text-align: center;\">10.0mm L<\/td>\n<td style=\"width: 16.6667%; height: 24px; text-align: center;\"><strong>RA3310<\/strong><\/td>\n<td style=\"width: 16.6667%; height: 24px; text-align: center;\"><strong>RA37510<\/strong><\/td>\n<td style=\"width: 16.6667%; height: 24px; text-align: center;\"><strong>RA4210<\/strong><\/td>\n<td style=\"width: 16.6667%; height: 24px; text-align: center;\"><strong>RA5010<\/strong><\/td>\n<td style=\"width: 16.6667%; height: 24px; text-align: center;\"><strong>RA6010<\/strong><\/td>\n<\/tr>\n<tr style=\"height: 24px;\">\n<td style=\"width: 16.6667%; height: 24px; text-align: center;\">11.5mm L<\/td>\n<td style=\"width: 16.6667%; height: 24px; text-align: center;\"><strong>RA33115<\/strong><\/td>\n<td style=\"width: 16.6667%; height: 24px; text-align: center;\"><strong>RA375115<\/strong><\/td>\n<td style=\"width: 16.6667%; height: 24px; text-align: center;\"><strong>RA42115<\/strong><\/td>\n<td style=\"width: 16.6667%; height: 24px; text-align: center;\"><strong>RA50115<\/strong><\/td>\n<td style=\"width: 16.6667%; height: 24px; text-align: center;\"><strong>RA60115<\/strong><\/td>\n<\/tr>\n<tr style=\"height: 24px;\">\n<td style=\"width: 16.6667%; height: 24px; text-align: center;\">13.0mm L<\/td>\n<td style=\"width: 16.6667%; height: 24px; text-align: center;\"><strong>RA3313<\/strong><\/td>\n<td style=\"width: 16.6667%; height: 24px; text-align: center;\"><strong>RA37513<\/strong><\/td>\n<td style=\"width: 16.6667%; height: 24px; text-align: center;\"><strong>RA4213<\/strong><\/td>\n<td style=\"width: 16.6667%; height: 24px; text-align: center;\"><strong>RA5013<\/strong><\/td>\n<td style=\"width: 16.6667%; height: 24px; text-align: center;\"><strong>RA6013<\/strong><\/td>\n<\/tr>\n<tr style=\"height: 24px;\">\n<td style=\"width: 16.6667%; height: 24px; text-align: center;\">16.0mm L<\/td>\n<td style=\"width: 16.6667%; height: 24px; text-align: center;\"><strong>RA3316<\/strong><\/td>\n<td style=\"width: 16.6667%; height: 24px; text-align: center;\"><strong>RA37516<\/strong><\/td>\n<td style=\"width: 16.6667%; height: 24px; text-align: center;\"><strong>RA4216<\/strong><\/td>\n<td style=\"width: 16.6667%; height: 24px; text-align: center;\"><strong>RA5016<\/strong><\/td>\n<td style=\"width: 16.6667%; height: 24px; background-color: #666666; text-align: center;\"><strong>RA6016<\/strong><\/td>\n<\/tr>\n<\/tbody>\n<\/table>\n[\/vc_column_text][vc_row_inner][vc_column_inner width=&#8221;1\/6&#8243;][vc_column_text]\n<p style=\"text-align: center;\">Hex 2.42<\/p>\n[\/vc_column_text][vc_single_image image=&#8221;10858&#8243; alignment=&#8221;center&#8221;][\/vc_column_inner][vc_column_inner width=&#8221;1\/6&#8243;][vc_separator color=&#8221;orange&#8221; border_width=&#8221;5&#8243;][vc_single_image image=&#8221;10859&#8243;][\/vc_column_inner][vc_column_inner width=&#8221;1\/6&#8243;][vc_separator color=&#8221;juicy_pink&#8221; border_width=&#8221;5&#8243;][vc_single_image image=&#8221;10860&#8243;][\/vc_column_inner][vc_column_inner width=&#8221;1\/6&#8243;][vc_separator color=&#8221;blue&#8221; border_width=&#8221;5&#8243;][vc_single_image image=&#8221;10861&#8243;][\/vc_column_inner][vc_column_inner width=&#8221;1\/6&#8243;][vc_separator color=&#8221;green&#8221; border_width=&#8221;5&#8243;][vc_single_image image=&#8221;10862&#8243;][\/vc_column_inner][vc_column_inner width=&#8221;1\/6&#8243;][vc_separator color=&#8221;mulled_wine&#8221; border_width=&#8221;5&#8243;][vc_single_image image=&#8221;10863&#8243;][\/vc_column_inner][\/vc_row_inner][\/vc_column][\/vc_row][vc_row][vc_column][vc_empty_space height=&#8221;60px&#8221;][vc_row_inner][vc_column_inner width=&#8221;1\/2&#8243;][vc_column_text]\n<h2>SINGLE PROSTHETICAL PLATFORM<\/h2>\n<p>The RDI\u00a0 Internal hex diameters utilize one line of prosthetic components.[\/vc_column_text][\/vc_column_inner][vc_column_inner width=&#8221;1\/2&#8243;][vc_single_image image=&#8221;11350&#8243; img_size=&#8221;full&#8221; alignment=&#8221;center&#8221;][\/vc_column_inner][\/vc_row_inner][\/vc_column][\/vc_row][vc_row][vc_column][vc_separator][vc_custom_heading text=&#8221;DRILLING PROTOCOL&#8221; use_theme_fonts=&#8221;yes&#8221;][vc_empty_space][vc_row_inner][vc_column_inner width=&#8221;1\/4&#8243;][vc_column_text]\n<h2>3.3<\/h2>\n[\/vc_column_text][\/vc_column_inner][vc_column_inner width=&#8221;1\/4&#8243;][vc_single_image image=&#8221;11089&#8243; img_size=&#8221;full&#8221; alignment=&#8221;center&#8221;][\/vc_column_inner][vc_column_inner width=&#8221;1\/2&#8243;][vc_column_text]\n<ul>\n<li><strong>Drill sequence by bone type<\/strong> &#8211; An additional 1 mm must<br \/>\nbe added to the length of the drill to account for the angled<br \/>\ncutting tip.<\/li>\n<li><strong>D-I, D-II Dense bone considerations<\/strong> &#8211; Countersink<br \/>\nshould be used if the standard dense bone protocol is not<br \/>\nsufficient to fully seat the implant without exceeding the<br \/>\nrecommended maximum insertion torque of max. 60Ncm<br \/>\nfor implant \u00d83.75mm and above. Do not exceed max.<br \/>\n45Ncm for implants diameter lower than 3.75mm.<\/li>\n<\/ul>\n[\/vc_column_text][\/vc_column_inner][\/vc_row_inner][\/vc_column][\/vc_row][vc_row][vc_column][vc_separator][vc_custom_heading text=&#8221;DRILLING PROTOCOL&#8221; use_theme_fonts=&#8221;yes&#8221;][vc_empty_space][vc_row_inner][vc_column_inner width=&#8221;1\/4&#8243;][vc_column_text]\n<h2>3.75<\/h2>\n[\/vc_column_text][\/vc_column_inner][vc_column_inner width=&#8221;1\/4&#8243;][vc_single_image image=&#8221;11090&#8243; img_size=&#8221;full&#8221; alignment=&#8221;center&#8221;][\/vc_column_inner][vc_column_inner width=&#8221;1\/2&#8243;][vc_column_text]\n<ul>\n<li><strong>Drill sequence by bone type<\/strong> &#8211; An additional 1 mm must<br \/>\nbe added to the length of the drill to account for the angled<br \/>\ncutting tip.<\/li>\n<li><strong>D-I, D-II Dense bone considerations<\/strong> &#8211; Countersink<br \/>\nshould be used if the standard dense bone protocol is not<br \/>\nsufficient to fully seat the implant without exceeding the<br \/>\nrecommended maximum insertion torque of max. 60Ncm<br \/>\nfor implant \u00d83.75mm and above. Do not exceed max.<br \/>\n45Ncm for implants diameter lower than 3.75mm.<\/li>\n<\/ul>\n[\/vc_column_text][\/vc_column_inner][\/vc_row_inner][\/vc_column][\/vc_row][vc_row][vc_column][vc_separator][vc_custom_heading text=&#8221;DRILLING PROTOCOL&#8221; use_theme_fonts=&#8221;yes&#8221;][vc_empty_space][vc_row_inner][vc_column_inner width=&#8221;1\/4&#8243;][vc_column_text]\n<h2>4.2<\/h2>\n[\/vc_column_text][\/vc_column_inner][vc_column_inner width=&#8221;1\/4&#8243;][vc_single_image image=&#8221;11091&#8243; img_size=&#8221;full&#8221; alignment=&#8221;center&#8221;][\/vc_column_inner][vc_column_inner width=&#8221;1\/2&#8243;][vc_column_text]\n<ul>\n<li><strong>Drill sequence by bone type<\/strong> &#8211; An additional 1 mm must<br \/>\nbe added to the length of the drill to account for the angled<br \/>\ncutting tip.<\/li>\n<li><strong>D-I, D-II Dense bone considerations<\/strong> &#8211; Countersink<br \/>\nshould be used if the standard dense bone protocol is not<br \/>\nsufficient to fully seat the implant without exceeding the<br \/>\nrecommended maximum insertion torque of max. 60Ncm<br \/>\nfor implant \u00d83.75mm and above. Do not exceed max.<br \/>\n45Ncm for implants diameter lower than 3.75mm.<\/li>\n<\/ul>\n[\/vc_column_text][\/vc_column_inner][\/vc_row_inner][\/vc_column][\/vc_row][vc_row][vc_column][vc_separator][vc_custom_heading text=&#8221;DRILLING PROTOCOL&#8221; use_theme_fonts=&#8221;yes&#8221;][vc_empty_space][vc_row_inner][vc_column_inner width=&#8221;1\/4&#8243;][vc_column_text]\n<h2>5.0<\/h2>\n[\/vc_column_text][\/vc_column_inner][vc_column_inner width=&#8221;1\/4&#8243;][vc_single_image image=&#8221;11092&#8243; img_size=&#8221;full&#8221; alignment=&#8221;center&#8221;][\/vc_column_inner][vc_column_inner width=&#8221;1\/2&#8243;][vc_column_text]\n<ul>\n<li><strong>Drill sequence by bone type<\/strong> &#8211; An additional 1 mm must<br \/>\nbe added to the length of the drill to account for the angled<br \/>\ncutting tip.<\/li>\n<li><strong>D-I, D-II Dense bone considerations<\/strong> &#8211; Countersink<br \/>\nshould be used if the standard dense bone protocol is not<br \/>\nsufficient to fully seat the implant without exceeding the<br \/>\nrecommended maximum insertion torque of max. 60Ncm<br \/>\nfor implant \u00d83.75mm and above. Do not exceed max.<br \/>\n45Ncm for implants diameter lower than 3.75mm.<\/li>\n<\/ul>\n[\/vc_column_text][\/vc_column_inner][\/vc_row_inner][\/vc_column][\/vc_row][vc_row][vc_column][vc_separator][vc_custom_heading text=&#8221;DRILLING PROTOCOL&#8221; use_theme_fonts=&#8221;yes&#8221;][vc_empty_space][vc_row_inner][vc_column_inner width=&#8221;1\/4&#8243;][vc_column_text]\n<h2>6.0<\/h2>\n[\/vc_column_text][\/vc_column_inner][vc_column_inner width=&#8221;1\/4&#8243;][vc_single_image image=&#8221;11094&#8243; img_size=&#8221;full&#8221; alignment=&#8221;center&#8221;][\/vc_column_inner][vc_column_inner width=&#8221;1\/2&#8243;][vc_column_text]\n<ul>\n<li><strong>Drill sequence by bone type<\/strong> &#8211; An additional 1 mm must<br \/>\nbe added to the length of the drill to account for the angled<br \/>\ncutting tip.<\/li>\n<li><strong>D-I, D-II Dense bone considerations<\/strong> &#8211; Countersink<br \/>\nshould be used if the standard dense bone protocol is not<br \/>\nsufficient to fully seat the implant without exceeding the<br \/>\nrecommended maximum insertion torque of max. 60Ncm<br \/>\nfor implant \u00d83.75mm and above. Do not exceed max.<br \/>\n45Ncm for implants diameter lower than 3.75mm.<\/li>\n<\/ul>\n[\/vc_column_text][\/vc_column_inner][\/vc_row_inner][\/vc_column][\/vc_row][\/vc_section]\n","protected":false},"excerpt":{"rendered":"<p>[vc_section][vc_row][vc_column][vc_custom_heading text=&#8221;QUICK IMPLANT SIZE IDENTIFICATION&#8221; font_container=&#8221;tag:h2|text_align:center&#8221; use_theme_fonts=&#8221;yes&#8221;][vc_empty_space][vc_column_text] REGULAR PALTFORM ( REDICE ACTIVE ) Length\/Diameter \u00d8 3.3 \u00d8 3.75 \u00d8 4.20 \u00d8 5.0<\/p>\n","protected":false},"author":1,"featured_media":0,"parent":0,"menu_order":0,"comment_status":"closed","ping_status":"closed","template":"","meta":{"footnotes":""},"class_list":["post-10852","page","type-page","status-publish","hentry"],"_links":{"self":[{"href":"https:\/\/toridentimplants.com\/index.php\/wp-json\/wp\/v2\/pages\/10852","targetHints":{"allow":["GET"]}}],"collection":[{"href":"https:\/\/toridentimplants.com\/index.php\/wp-json\/wp\/v2\/pages"}],"about":[{"href":"https:\/\/toridentimplants.com\/index.php\/wp-json\/wp\/v2\/types\/page"}],"author":[{"embeddable":true,"href":"https:\/\/toridentimplants.com\/index.php\/wp-json\/wp\/v2\/users\/1"}],"replies":[{"embeddable":true,"href":"https:\/\/toridentimplants.com\/index.php\/wp-json\/wp\/v2\/comments?post=10852"}],"version-history":[{"count":26,"href":"https:\/\/toridentimplants.com\/index.php\/wp-json\/wp\/v2\/pages\/10852\/revisions"}],"predecessor-version":[{"id":12264,"href":"https:\/\/toridentimplants.com\/index.php\/wp-json\/wp\/v2\/pages\/10852\/revisions\/12264"}],"wp:attachment":[{"href":"https:\/\/toridentimplants.com\/index.php\/wp-json\/wp\/v2\/media?parent=10852"}],"curies":[{"name":"wp","href":"https:\/\/api.w.org\/{rel}","templated":true}]}}